{"id":44873,"date":"2025-05-07T20:59:24","date_gmt":"2025-05-07T19:18:08","guid":{"rendered":"https:\/\/www.robertzueblin.com\/?post_type=product&#038;p=44873"},"modified":"2025-05-08T11:03:35","modified_gmt":"2025-05-08T09:03:35","slug":"libro-otto-lindig-der-toepfer-1895-1966-karlsruhe-1990","status":"publish","type":"product","link":"https:\/\/www.robertzueblin.com\/es\/libros-otto-lindig-der-toepfer-1895-1966\/","title":{"rendered":"Libro: Otto Lindig &#8211; der T\u00f6pfer, 1895-1966"},"content":{"rendered":"<p><span style=\"font-family: AkkoPro-BoldCondensed!important\">T\u00edtulo:<\/span> Otto Lindig &#8211; der T\u00f6pfer, 1895-1966<\/p>\n<p><span style=\"font-family: AkkoPro-BoldCondensed!important\">Editor:<\/span> Museen der Stadt Gera, Museum f\u00fcr Kunsthandwerk im Ferberschen Haus, Badisches Landesmuseum Karlsruhe, etc.<\/p>\n<p><span style=\"font-family: AkkoPro-BoldCondensed!important\">Lugar, a\u00f1o:<\/span> Karlsruhe, 1990<\/p>\n<p><span style=\"font-family: AkkoPro-BoldCondensed!important\">Edici\u00f3n:<\/span> 2000<\/p>\n<p><span style=\"font-family: AkkoPro-BoldCondensed!important\">ISBN:<\/span> 3-923132-17-4<\/p>\n<p><span style=\"font-family: AkkoPro-BoldCondensed!important\">Idioma:<\/span> alem\u00e1n<\/p>\n<p><span style=\"font-family: AkkoPro-BoldCondensed!important\">N\u00famero de p\u00e1ginas:<\/span> 120 p\u00e1ginas con numerosas ilustraciones<\/p>\n<p><span style=\"font-family: AkkoPro-BoldCondensed!important\">Tama\u00f1o:<\/span> 28,5 cm x 20,5 cm<\/p>\n<p><span style=\"font-family: AkkoPro-BoldCondensed!important\">Estado:<\/span> libro usado con signos de desgaste<\/p>\n","protected":false},"excerpt":{"rendered":"<p>T\u00edtulo: Otto Lindig &#8211; der T\u00f6pfer, 1895-1966 Editor: Museen der Stadt Gera, Museum f\u00fcr Kunsthandwerk im Ferberschen Haus, Badisches Landesmuseum Karlsruhe, etc. Lugar, a\u00f1o: Karlsruhe, 1990 Edici\u00f3n: 2000 ISBN: 3-923132-17-4 Idioma: alem\u00e1n N\u00famero de p\u00e1ginas: 120 p\u00e1ginas con numerosas ilustraciones Tama\u00f1o: 28,5 cm x 20,5 cm Estado: libro usado con signos de desgaste<\/p>\n","protected":false},"featured_media":44874,"template":"","meta":[],"product_brand":[],"product_cat":[783],"product_tag":[],"class_list":{"0":"post-44873","1":"product","2":"type-product","3":"status-publish","4":"has-post-thumbnail","6":"product_cat-libros","8":"first","9":"instock","10":"sold-individually","11":"shipping-taxable","12":"purchasable","13":"product-type-simple"},"yoast_head":"<!-- This site is optimized with the Yoast SEO plugin v27.5 - https:\/\/yoast.com\/product\/yoast-seo-wordpress\/ -->\n<title>Libro: Otto Lindig - der T\u00f6pfer, 1895-1966 - Karlsruhe, 1990<\/title>\n<meta name=\"robots\" content=\"index, follow, max-snippet:-1, max-image-preview:large, max-video-preview:-1\" \/>\n<link rel=\"canonical\" href=\"https:\/\/www.robertzueblin.com\/es\/libros-otto-lindig-der-toepfer-1895-1966\/\" \/>\n<meta property=\"og:locale\" content=\"es_ES\" \/>\n<meta property=\"og:type\" content=\"article\" \/>\n<meta property=\"og:title\" content=\"Libro: Otto Lindig - der T\u00f6pfer, 1895-1966 - Karlsruhe, 1990\" \/>\n<meta property=\"og:description\" content=\"T\u00edtulo: Otto Lindig &#8211; der T\u00f6pfer, 1895-1966 Editor: Museen der Stadt Gera, Museum f\u00fcr Kunsthandwerk im Ferberschen Haus, Badisches Landesmuseum Karlsruhe, etc. Lugar, a\u00f1o: Karlsruhe, 1990 Edici\u00f3n: 2000 ISBN: 3-923132-17-4 Idioma: alem\u00e1n N\u00famero de p\u00e1ginas: 120 p\u00e1ginas con numerosas ilustraciones Tama\u00f1o: 28,5 cm x 20,5 cm Estado: libro usado con signos de desgaste\" \/>\n<meta property=\"og:url\" content=\"https:\/\/www.robertzueblin.com\/es\/libros-otto-lindig-der-toepfer-1895-1966\/\" \/>\n<meta property=\"og:site_name\" content=\"ROBERT Z\u00dcBLIN\" \/>\n<meta property=\"article:modified_time\" content=\"2025-05-08T09:03:35+00:00\" \/>\n<meta property=\"og:image\" content=\"https:\/\/www.robertzueblin.com\/wp-content\/uploads\/libro-otto-lindig-der-toepfer.jpg\" \/>\n\t<meta property=\"og:image:width\" content=\"1000\" \/>\n\t<meta property=\"og:image:height\" content=\"1379\" \/>\n\t<meta property=\"og:image:type\" content=\"image\/jpeg\" \/>\n<meta name=\"twitter:card\" content=\"summary_large_image\" \/>\n<script type=\"application\/ld+json\" class=\"yoast-schema-graph\">{\"@context\":\"https:\\\/\\\/schema.org\",\"@graph\":[{\"@type\":\"WebPage\",\"@id\":\"https:\\\/\\\/www.robertzueblin.com\\\/es\\\/libros-otto-lindig-der-toepfer-1895-1966\\\/\",\"url\":\"https:\\\/\\\/www.robertzueblin.com\\\/es\\\/libros-otto-lindig-der-toepfer-1895-1966\\\/\",\"name\":\"Libro: Otto Lindig - der T\u00f6pfer, 1895-1966 - Karlsruhe, 1990\",\"isPartOf\":{\"@id\":\"https:\\\/\\\/www.robertzueblin.com\\\/es\\\/#website\"},\"primaryImageOfPage\":{\"@id\":\"https:\\\/\\\/www.robertzueblin.com\\\/es\\\/libros-otto-lindig-der-toepfer-1895-1966\\\/#primaryimage\"},\"image\":{\"@id\":\"https:\\\/\\\/www.robertzueblin.com\\\/es\\\/libros-otto-lindig-der-toepfer-1895-1966\\\/#primaryimage\"},\"thumbnailUrl\":\"https:\\\/\\\/www.robertzueblin.com\\\/wp-content\\\/uploads\\\/libro-otto-lindig-der-toepfer.jpg\",\"datePublished\":\"2025-05-07T19:18:08+00:00\",\"dateModified\":\"2025-05-08T09:03:35+00:00\",\"breadcrumb\":{\"@id\":\"https:\\\/\\\/www.robertzueblin.com\\\/es\\\/libros-otto-lindig-der-toepfer-1895-1966\\\/#breadcrumb\"},\"inLanguage\":\"es\",\"potentialAction\":[{\"@type\":\"ReadAction\",\"target\":[\"https:\\\/\\\/www.robertzueblin.com\\\/es\\\/libros-otto-lindig-der-toepfer-1895-1966\\\/\"]}]},{\"@type\":\"ImageObject\",\"inLanguage\":\"es\",\"@id\":\"https:\\\/\\\/www.robertzueblin.com\\\/es\\\/libros-otto-lindig-der-toepfer-1895-1966\\\/#primaryimage\",\"url\":\"https:\\\/\\\/www.robertzueblin.com\\\/wp-content\\\/uploads\\\/libro-otto-lindig-der-toepfer.jpg\",\"contentUrl\":\"https:\\\/\\\/www.robertzueblin.com\\\/wp-content\\\/uploads\\\/libro-otto-lindig-der-toepfer.jpg\",\"width\":1000,\"height\":1379},{\"@type\":\"BreadcrumbList\",\"@id\":\"https:\\\/\\\/www.robertzueblin.com\\\/es\\\/libros-otto-lindig-der-toepfer-1895-1966\\\/#breadcrumb\",\"itemListElement\":[{\"@type\":\"ListItem\",\"position\":1,\"name\":\"Startseite\",\"item\":\"https:\\\/\\\/www.robertzueblin.com\\\/es\\\/\"},{\"@type\":\"ListItem\",\"position\":2,\"name\":\"Galer\u00eda de arte online (tienda online)\",\"item\":\"https:\\\/\\\/www.robertzueblin.com\\\/es\\\/galeria-de-arte-online\\\/\"},{\"@type\":\"ListItem\",\"position\":3,\"name\":\"Libro: Otto Lindig &#8211; der T\u00f6pfer, 1895-1966\"}]},{\"@type\":\"WebSite\",\"@id\":\"https:\\\/\\\/www.robertzueblin.com\\\/es\\\/#website\",\"url\":\"https:\\\/\\\/www.robertzueblin.com\\\/es\\\/\",\"name\":\"ROBERT Z\u00dcBLIN\",\"description\":\"\",\"publisher\":{\"@id\":\"https:\\\/\\\/www.robertzueblin.com\\\/es\\\/#organization\"},\"potentialAction\":[{\"@type\":\"SearchAction\",\"target\":{\"@type\":\"EntryPoint\",\"urlTemplate\":\"https:\\\/\\\/www.robertzueblin.com\\\/es\\\/?s={search_term_string}\"},\"query-input\":{\"@type\":\"PropertyValueSpecification\",\"valueRequired\":true,\"valueName\":\"search_term_string\"}}],\"inLanguage\":\"es\"},{\"@type\":\"Organization\",\"@id\":\"https:\\\/\\\/www.robertzueblin.com\\\/es\\\/#organization\",\"name\":\"ROBERT Z\u00dcBLIN\",\"url\":\"https:\\\/\\\/www.robertzueblin.com\\\/es\\\/\",\"logo\":{\"@type\":\"ImageObject\",\"inLanguage\":\"es\",\"@id\":\"https:\\\/\\\/www.robertzueblin.com\\\/es\\\/#\\\/schema\\\/logo\\\/image\\\/\",\"url\":\"https:\\\/\\\/www.robertzueblin.com\\\/wp-content\\\/uploads\\\/cropped-cropped-logo-von-robert-zueblin.jpg\",\"contentUrl\":\"https:\\\/\\\/www.robertzueblin.com\\\/wp-content\\\/uploads\\\/cropped-cropped-logo-von-robert-zueblin.jpg\",\"width\":440,\"height\":60,\"caption\":\"ROBERT Z\u00dcBLIN\"},\"image\":{\"@id\":\"https:\\\/\\\/www.robertzueblin.com\\\/es\\\/#\\\/schema\\\/logo\\\/image\\\/\"}}]}<\/script>\n<!-- \/ Yoast SEO plugin. -->","yoast_head_json":{"title":"Libro: Otto Lindig - der T\u00f6pfer, 1895-1966 - Karlsruhe, 1990","robots":{"index":"index","follow":"follow","max-snippet":"max-snippet:-1","max-image-preview":"max-image-preview:large","max-video-preview":"max-video-preview:-1"},"canonical":"https:\/\/www.robertzueblin.com\/es\/libros-otto-lindig-der-toepfer-1895-1966\/","og_locale":"es_ES","og_type":"article","og_title":"Libro: Otto Lindig - der T\u00f6pfer, 1895-1966 - Karlsruhe, 1990","og_description":"T\u00edtulo: Otto Lindig &#8211; der T\u00f6pfer, 1895-1966 Editor: Museen der Stadt Gera, Museum f\u00fcr Kunsthandwerk im Ferberschen Haus, Badisches Landesmuseum Karlsruhe, etc. Lugar, a\u00f1o: Karlsruhe, 1990 Edici\u00f3n: 2000 ISBN: 3-923132-17-4 Idioma: alem\u00e1n N\u00famero de p\u00e1ginas: 120 p\u00e1ginas con numerosas ilustraciones Tama\u00f1o: 28,5 cm x 20,5 cm Estado: libro usado con signos de desgaste","og_url":"https:\/\/www.robertzueblin.com\/es\/libros-otto-lindig-der-toepfer-1895-1966\/","og_site_name":"ROBERT Z\u00dcBLIN","article_modified_time":"2025-05-08T09:03:35+00:00","og_image":[{"width":1000,"height":1379,"url":"https:\/\/www.robertzueblin.com\/wp-content\/uploads\/libro-otto-lindig-der-toepfer.jpg","type":"image\/jpeg"}],"twitter_card":"summary_large_image","schema":{"@context":"https:\/\/schema.org","@graph":[{"@type":"WebPage","@id":"https:\/\/www.robertzueblin.com\/es\/libros-otto-lindig-der-toepfer-1895-1966\/","url":"https:\/\/www.robertzueblin.com\/es\/libros-otto-lindig-der-toepfer-1895-1966\/","name":"Libro: Otto Lindig - der T\u00f6pfer, 1895-1966 - Karlsruhe, 1990","isPartOf":{"@id":"https:\/\/www.robertzueblin.com\/es\/#website"},"primaryImageOfPage":{"@id":"https:\/\/www.robertzueblin.com\/es\/libros-otto-lindig-der-toepfer-1895-1966\/#primaryimage"},"image":{"@id":"https:\/\/www.robertzueblin.com\/es\/libros-otto-lindig-der-toepfer-1895-1966\/#primaryimage"},"thumbnailUrl":"https:\/\/www.robertzueblin.com\/wp-content\/uploads\/libro-otto-lindig-der-toepfer.jpg","datePublished":"2025-05-07T19:18:08+00:00","dateModified":"2025-05-08T09:03:35+00:00","breadcrumb":{"@id":"https:\/\/www.robertzueblin.com\/es\/libros-otto-lindig-der-toepfer-1895-1966\/#breadcrumb"},"inLanguage":"es","potentialAction":[{"@type":"ReadAction","target":["https:\/\/www.robertzueblin.com\/es\/libros-otto-lindig-der-toepfer-1895-1966\/"]}]},{"@type":"ImageObject","inLanguage":"es","@id":"https:\/\/www.robertzueblin.com\/es\/libros-otto-lindig-der-toepfer-1895-1966\/#primaryimage","url":"https:\/\/www.robertzueblin.com\/wp-content\/uploads\/libro-otto-lindig-der-toepfer.jpg","contentUrl":"https:\/\/www.robertzueblin.com\/wp-content\/uploads\/libro-otto-lindig-der-toepfer.jpg","width":1000,"height":1379},{"@type":"BreadcrumbList","@id":"https:\/\/www.robertzueblin.com\/es\/libros-otto-lindig-der-toepfer-1895-1966\/#breadcrumb","itemListElement":[{"@type":"ListItem","position":1,"name":"Startseite","item":"https:\/\/www.robertzueblin.com\/es\/"},{"@type":"ListItem","position":2,"name":"Galer\u00eda de arte online (tienda online)","item":"https:\/\/www.robertzueblin.com\/es\/galeria-de-arte-online\/"},{"@type":"ListItem","position":3,"name":"Libro: Otto Lindig &#8211; der T\u00f6pfer, 1895-1966"}]},{"@type":"WebSite","@id":"https:\/\/www.robertzueblin.com\/es\/#website","url":"https:\/\/www.robertzueblin.com\/es\/","name":"ROBERT Z\u00dcBLIN","description":"","publisher":{"@id":"https:\/\/www.robertzueblin.com\/es\/#organization"},"potentialAction":[{"@type":"SearchAction","target":{"@type":"EntryPoint","urlTemplate":"https:\/\/www.robertzueblin.com\/es\/?s={search_term_string}"},"query-input":{"@type":"PropertyValueSpecification","valueRequired":true,"valueName":"search_term_string"}}],"inLanguage":"es"},{"@type":"Organization","@id":"https:\/\/www.robertzueblin.com\/es\/#organization","name":"ROBERT Z\u00dcBLIN","url":"https:\/\/www.robertzueblin.com\/es\/","logo":{"@type":"ImageObject","inLanguage":"es","@id":"https:\/\/www.robertzueblin.com\/es\/#\/schema\/logo\/image\/","url":"https:\/\/www.robertzueblin.com\/wp-content\/uploads\/cropped-cropped-logo-von-robert-zueblin.jpg","contentUrl":"https:\/\/www.robertzueblin.com\/wp-content\/uploads\/cropped-cropped-logo-von-robert-zueblin.jpg","width":440,"height":60,"caption":"ROBERT Z\u00dcBLIN"},"image":{"@id":"https:\/\/www.robertzueblin.com\/es\/#\/schema\/logo\/image\/"}}]}},"_links":{"self":[{"href":"https:\/\/www.robertzueblin.com\/es\/wp-json\/wp\/v2\/product\/44873","targetHints":{"allow":["GET"]}}],"collection":[{"href":"https:\/\/www.robertzueblin.com\/es\/wp-json\/wp\/v2\/product"}],"about":[{"href":"https:\/\/www.robertzueblin.com\/es\/wp-json\/wp\/v2\/types\/product"}],"wp:featuredmedia":[{"embeddable":true,"href":"https:\/\/www.robertzueblin.com\/es\/wp-json\/wp\/v2\/media\/44874"}],"wp:attachment":[{"href":"https:\/\/www.robertzueblin.com\/es\/wp-json\/wp\/v2\/media?parent=44873"}],"wp:term":[{"taxonomy":"product_brand","embeddable":true,"href":"https:\/\/www.robertzueblin.com\/es\/wp-json\/wp\/v2\/product_brand?post=44873"},{"taxonomy":"product_cat","embeddable":true,"href":"https:\/\/www.robertzueblin.com\/es\/wp-json\/wp\/v2\/product_cat?post=44873"},{"taxonomy":"product_tag","embeddable":true,"href":"https:\/\/www.robertzueblin.com\/es\/wp-json\/wp\/v2\/product_tag?post=44873"}],"curies":[{"name":"wp","href":"https:\/\/api.w.org\/{rel}","templated":true}]}}

Libro: Otto Lindig &#8211; der Töpfer, 1895-1966

<p><span style="font-family: AkkoPro-BoldCondensed!important">Título:</span> Otto Lindig &#8211; der Töpfer, 1895-1966</p>
<p><span style="font-family: AkkoPro-BoldCondensed!important">Editor:</span> Museen der Stadt Gera, Museum für Kunsthandwerk im Ferberschen Haus, Badisches Landesmuseum Karlsruhe, etc.</p>
<p><span style="font-family: AkkoPro-BoldCondensed!important">Lugar, año:</span> Karlsruhe, 1990</p>
<p><span style="font-family: AkkoPro-BoldCondensed!important">Edición:</span> 2000</p>
<p><span style="font-family: AkkoPro-BoldCondensed!important">ISBN:</span> 3-923132-17-4</p>
<p><span style="font-family: AkkoPro-BoldCondensed!important">Idioma:</span> alemán</p>
<p><span style="font-family: AkkoPro-BoldCondensed!important">Número de páginas:</span> 120 páginas con numerosas ilustraciones</p>
<p><span style="font-family: AkkoPro-BoldCondensed!important">Tamaño:</span> 28,5 cm x 20,5 cm</p>
<p><span style="font-family: AkkoPro-BoldCondensed!important">Estado:</span> libro usado con signos de desgaste</p>

<p>Título: Otto Lindig &#8211; der Töpfer, 1895-1966 Editor: Museen der Stadt Gera, Museum für Kunsthandwerk im Ferberschen Haus, Badisches Landesmuseum Karlsruhe, etc. Lugar, año: Karlsruhe, 1990 Edición: 2000 ISBN: 3-923132-17-4 Idioma: alemán Número de páginas: 120 páginas con numerosas ilustraciones Tamaño: 28,5 cm x 20,5 cm Estado: libro usado con signos de desgaste</p>

<!-- This site is optimized with the Yoast SEO plugin v27.5 - https://yoast.com/product/yoast-seo-wordpress/ -->
<title>Libro: Otto Lindig - der Töpfer, 1895-1966 - Karlsruhe, 1990</title>
<meta name="robots" content="index, follow, max-snippet:-1, max-image-preview:large, max-video-preview:-1" />
<link rel="canonical" href="https://www.robertzueblin.com/es/libros-otto-lindig-der-toepfer-1895-1966/" />
<meta property="og:locale" content="es_ES" />
<meta property="og:type" content="article" />
<meta property="og:title" content="Libro: Otto Lindig - der Töpfer, 1895-1966 - Karlsruhe, 1990" />
<meta property="og:description" content="Título: Otto Lindig &#8211; der Töpfer, 1895-1966 Editor: Museen der Stadt Gera, Museum für Kunsthandwerk im Ferberschen Haus, Badisches Landesmuseum Karlsruhe, etc. Lugar, año: Karlsruhe, 1990 Edición: 2000 ISBN: 3-923132-17-4 Idioma: alemán Número de páginas: 120 páginas con numerosas ilustraciones Tamaño: 28,5 cm x 20,5 cm Estado: libro usado con signos de desgaste" />
<meta property="og:url" content="https://www.robertzueblin.com/es/libros-otto-lindig-der-toepfer-1895-1966/" />
<meta property="og:site_name" content="ROBERT ZÜBLIN" />
<meta property="article:modified_time" content="2025-05-08T09:03:35+00:00" />
<meta property="og:image" content="https://www.robertzueblin.com/wp-content/uploads/libro-otto-lindig-der-toepfer.jpg" />
	<meta property="og:image:width" content="1000" />
	<meta property="og:image:height" content="1379" />
	<meta property="og:image:type" content="image/jpeg" />
<meta name="twitter:card" content="summary_large_image" />
<script type="application/ld+json" class="yoast-schema-graph">{"@context":"https:\/\/schema.org","@graph":[{"@type":"WebPage","@id":"https:\/\/www.robertzueblin.com\/es\/libros-otto-lindig-der-toepfer-1895-1966\/","url":"https:\/\/www.robertzueblin.com\/es\/libros-otto-lindig-der-toepfer-1895-1966\/","name":"Libro: Otto Lindig - der Töpfer, 1895-1966 - Karlsruhe, 1990","isPartOf":{"@id":"https:\/\/www.robertzueblin.com\/es\/#website"},"primaryImageOfPage":{"@id":"https:\/\/www.robertzueblin.com\/es\/libros-otto-lindig-der-toepfer-1895-1966\/#primaryimage"},"image":{"@id":"https:\/\/www.robertzueblin.com\/es\/libros-otto-lindig-der-toepfer-1895-1966\/#primaryimage"},"thumbnailUrl":"https:\/\/www.robertzueblin.com\/wp-content\/uploads\/libro-otto-lindig-der-toepfer.jpg","datePublished":"2025-05-07T19:18:08+00:00","dateModified":"2025-05-08T09:03:35+00:00","breadcrumb":{"@id":"https:\/\/www.robertzueblin.com\/es\/libros-otto-lindig-der-toepfer-1895-1966\/#breadcrumb"},"inLanguage":"es","potentialAction":[{"@type":"ReadAction","target":["https:\/\/www.robertzueblin.com\/es\/libros-otto-lindig-der-toepfer-1895-1966\/"]}]},{"@type":"ImageObject","inLanguage":"es","@id":"https:\/\/www.robertzueblin.com\/es\/libros-otto-lindig-der-toepfer-1895-1966\/#primaryimage","url":"https:\/\/www.robertzueblin.com\/wp-content\/uploads\/libro-otto-lindig-der-toepfer.jpg","contentUrl":"https:\/\/www.robertzueblin.com\/wp-content\/uploads\/libro-otto-lindig-der-toepfer.jpg","width":1000,"height":1379},{"@type":"BreadcrumbList","@id":"https:\/\/www.robertzueblin.com\/es\/libros-otto-lindig-der-toepfer-1895-1966\/#breadcrumb","itemListElement":[{"@type":"ListItem","position":1,"name":"Startseite","item":"https:\/\/www.robertzueblin.com\/es\/"},{"@type":"ListItem","position":2,"name":"Galería de arte online (tienda online)","item":"https:\/\/www.robertzueblin.com\/es\/galeria-de-arte-online\/"},{"@type":"ListItem","position":3,"name":"Libro: Otto Lindig &#8211; der Töpfer, 1895-1966"}]},{"@type":"WebSite","@id":"https:\/\/www.robertzueblin.com\/es\/#website","url":"https:\/\/www.robertzueblin.com\/es\/","name":"ROBERT ZÜBLIN","description":"","publisher":{"@id":"https:\/\/www.robertzueblin.com\/es\/#organization"},"potentialAction":[{"@type":"SearchAction","target":{"@type":"EntryPoint","urlTemplate":"https:\/\/www.robertzueblin.com\/es\/?s={search_term_string}"},"query-input":{"@type":"PropertyValueSpecification","valueRequired":true,"valueName":"search_term_string"}}],"inLanguage":"es"},{"@type":"Organization","@id":"https:\/\/www.robertzueblin.com\/es\/#organization","name":"ROBERT ZÜBLIN","url":"https:\/\/www.robertzueblin.com\/es\/","logo":{"@type":"ImageObject","inLanguage":"es","@id":"https:\/\/www.robertzueblin.com\/es\/#\/schema\/logo\/image\/","url":"https:\/\/www.robertzueblin.com\/wp-content\/uploads\/cropped-cropped-logo-von-robert-zueblin.jpg","contentUrl":"https:\/\/www.robertzueblin.com\/wp-content\/uploads\/cropped-cropped-logo-von-robert-zueblin.jpg","width":440,"height":60,"caption":"ROBERT ZÜBLIN"},"image":{"@id":"https:\/\/www.robertzueblin.com\/es\/#\/schema\/logo\/image\/"}}]}</script>
<!-- / Yoast SEO plugin. -->

Libro: Otto Lindig - der Töpfer, 1895-1966 - Karlsruhe, 1990

Título: Otto Lindig &#8211; der Töpfer, 1895-1966 Editor: Museen der Stadt Gera, Museum für Kunsthandwerk im Ferberschen Haus, Badisches Landesmuseum Karlsruhe, etc. Lugar, año: Karlsruhe, 1990 Edición: 2000 ISBN: 3-923132-17-4 Idioma: alemán Número de páginas: 120 páginas con numerosas ilustraciones Tamaño: 28,5 cm x 20,5 cm Estado: libro usado con signos de desgaste

ROBERT ZÜBLIN

Galería de arte online (tienda online)
